n divisor of 9802958 and 440?
22
What is the highest common divisor of 161213070 and 934?
934
Calculate the greatest common factor of 468 and 5953974.
78
What is the highest common factor of 54154022 and 212?
106
Calculate the greatest common factor of 1367457 and 6825.
273
What is the highest common divisor of 337458330 and 405?
45
What is the greatest common factor of 29110 and 106630?
10
What is the greatest common factor of 36781815 and 855?
285
What is the highest common factor of 47762652 and 13804?
812
Calculate the greatest common divisor of 472 and 436664.
8
Calculate the highest common divisor of 87580 and 119364.
116
What is the greatest common factor of 80 and 960935?
5
What is the greatest common factor of 39 and 20477782?
13
What is the highest common divisor of 1436 and 46468?
4
Calculate the greatest common factor of 463479 and 27.
3
What is the highest common factor of 2671056 and 36126?
162
What is the highest common divisor of 2424 and 230088?
24
What is the highest common divisor of 14 and 79248708?
14
Calculate the highest common divisor of 1406641 and 4843.
167
Calculate the greatest common divisor of 224 and 29470924.
28
What is the greatest common factor of 112932286 and 82?
82
Calculate the greatest common divisor of 2208020 and 10747.
977
Calculate the highest common divisor of 88 and 1416056.
8
Calculate the greatest common divisor of 1840630 and 851075.
2885
Calculate the greatest common divisor of 817 and 94183.
19
What is the highest common factor of 74139888 and 24?
24
What is the greatest common divisor of 784 and 3330208?
112
Calculate the greatest common factor of 1336 and 239224327.
167
What is the greatest common divisor of 366079212 and 12?
12
Calculate the highest common factor of 18258 and 116892012.
1074
Calculate the highest common factor of 54176 and 18272.
32
Calculate the greatest common divisor of 9175473 and 36.
9
What is the greatest common divisor of 937 and 89873292?
937
Calculate the highest common factor of 18025080 and 285.
15
Calculate the highest common divisor of 356064573 and 8754.
4377
Calculate the greatest common factor of 271360 and 654232.
424
What is the greatest common divisor of 2592 and 1343052?
36
What is the highest common divisor of 142 and 40916945?
71
Calculate the highest common factor of 12640 and 22105780.
1580
Calculate the greatest common divisor of 316 and 17536341.
79
What is the greatest common factor of 4477 and 2173787?
407
Calculate the greatest common divisor of 1896356 and 83754.
1034
Calculate the highest common factor of 47112 and 6618456.
312
What is the highest common factor of 1632 and 341411?
17
What is the greatest common factor of 7626 and 924591?
123
What is the greatest common divisor of 91 and 1792133?
7
What is the greatest common factor of 35131 and 548981?
43
Calculate the greatest common divisor of 6640176 and 2832.
48
What is the highest common factor of 25705600 and 280?
40
What is the greatest common factor of 2162624 and 156?
4
What is the greatest common divisor of 401833166 and 266?
266
What is the highest common factor of 6748 and 5140530?
482
What is the highest common factor of 55 and 314857345?
55
Calculate the greatest common factor of 13295008 and 2144.
32
What is the greatest common factor of 1291479 and 5849970?
1869
Calculate the highest common divisor of 99681 and 131269.
149
What is the highest common divisor of 135355 and 1929125?
1265
What is the greatest common factor of 5324776 and 3096?
344
What is the highest common divisor of 469664690 and 22?
22
Calculate the greatest common factor of 16870039 and 5217.
1739
What is the highest common factor of 1152144 and 1806?
42
What is the highest common divisor of 6277797 and 2460?
123
Calculate the greatest common divisor of 53700940 and 3022.
3022
What is the highest common factor of 10435299 and 42?
21
What is the highest common divisor of 65250 and 1460070?
90
Calculate the greatest common divisor of 1035782 and 407.
11
Calculate the greatest common divisor of 19233304 and 512008.
1784
What is the highest common divisor of 680 and 33632630?
170
Calculate the greatest common factor of 58994137 and 2634.
439
What is the highest common factor of 34151872 and 414?
46
Calculate the greatest common factor of 19 and 4078369.
19
What is the highest common factor of 311176 and 1746?
194
What is the highest common divisor of 11414288 and 114?
38
Calculate the highest common factor of 3335 and 15669831.
667
What is the greatest common factor of 2464680 and 37320?
120
Calculate the highest common divisor of 6305 and 2608645.
65
Calculate the highest common divisor of 324 and 762784.
4
Calculate the greatest common divisor of 4852440 and 422342.
8986
Calculate the greatest common factor of 19294 and 1364.
22
Calculate the greatest common divisor of 51926 and 2828.
14
What is the highest common divisor of 221875 and 28750?
625
What is the greatest common divisor of 1446 and 7959748?
482
Calculate the highest common divisor of 703465 and 7863485.
6965
What is the greatest common factor of 43582 and 825?
11
What is the highest common factor of 7514 and 52470262?
7514
What is the greatest common divisor of 458757 and 15093?
351
What is the greatest common factor of 5222604 and 2244?
204
Calculate the greatest common factor of 2979 and 96974394.
993
What is the highest common divisor of 624370 and 70?
10
Calculate the greatest common factor of 140 and 4409335.
35
What is the highest common factor of 21117873 and 2850?
57
What is the greatest common divisor of 6370 and 5501405?
455
Calculate the highest common divisor of 13344 and 1613512.
1112
Calculate the highest common factor of 336913938 and 1044.
522
What is the greatest common divisor of 20256 and 120386472?
5064
What is the greatest common divisor of 264546 and 21820146?
9798
Calculate the greatest common divisor of 458394 and 5826.
6
Calculate the highest common divisor of 3 and 887215.
1
What is the highest common factor of 5884710 and 9740?
10
Calculate the highest common divisor of 304871264 and 144.
16
Calculate the highest common factor of 850523 and 12988.
191
What is the greatest common factor of 2 and 258908746?
2
Calculate the greatest common factor of 74 and 95102.
2
Calculate the greatest common factor of 305 and 14409755.
5
What is the greatest common factor of 40 and 3073830?
10
What is the highest common divisor of 354351580 and 4785?
1595
What is the highest common factor of 422156 and 1468?
4
Calculate the highest common factor of 26569 and 596906.
163
Calculate the greatest common divisor of 4943612 and 239872.
3748
Calculate the greatest common divisor of 38584 and 102767.
371
What is the highest common factor of 4263 and 18555369?
147
Calculate the greatest common divisor of 76474905 and 285.
285
Calculate the highest common divisor of 479799 and 2277243.
801
What is the greatest common factor of 14740875 and 750?
375
What is the greatest common factor of 332 and 3889804?
4
What is the highest common factor of 15826 and 14773378?
386
What is the greatest common factor of 1272950 and 168?
14
Calculate the highest common divisor of 724793 and 2660.
19
Calculate the highest common factor of 305 and 251137.
61
What is the highest common divisor of 30794436 and 708?
12
Calculate the highest common divisor of 17063 and 615737.
113
Calculate the greatest common divisor of 4561909 and 62975.
2519
What is the greatest common factor of 3250 and 562625?
125
What is the highest common divisor of 60390 and 203390?
110
What is the greatest common divisor of 233263763 and 2?
1
Calculate the highest common factor of 928 and 450283.
29
Calculate the highest common divisor of 96 and 942232.
8
Calculate the greatest common factor of 207 and 683628264.
207
What is the greatest common factor of 220176 and 2988?
36
What is the greatest common divisor of 275648233 and 3199?
3199
What is the greatest common factor of 449841972 and 6?
6
What is the greatest common divisor of 157784 and 370336?
1304
Calculate the greatest common divisor of 2653 and 566312033.
2653
What is the highest common divisor of 942 and 650276416?
314
What is the highest common divisor of 447218 and 926780?
622
What is the greatest common factor of 570 and 19534850?
190